{"id":1474,"date":"2017-05-16T13:24:28","date_gmt":"2017-05-16T13:24:28","guid":{"rendered":"http:\/\/www.borest.it\/camere"},"modified":"2017-09-15T09:58:07","modified_gmt":"2017-09-15T09:58:07","slug":"zimmer","status":"publish","type":"page","link":"https:\/\/borest.it\/de\/zimmer\/","title":{"rendered":"Zimmer"},"content":{"rendered":"<div class=\"wpb-content-wrapper\">[vc_row fullwidth=&#8220;true&#8220; parallax=&#8220;content-moving&#8220; css=&#8220;.vc_custom_1495707573038{background-image: url(http:\/\/www.borest.it\/wp-content\/uploads\/2017\/05\/dsc0669.jpg?id=209) !important;background-position: center;background-repeat: no-repeat !important;background-size: contain !important;}&#8220;][vc_column][mk_page_title_box page_title=&#8220;Zimmer&#8220; section_height=&#8220;600&#8243; bg_position=&#8220;center center&#8220; bg_stretch=&#8220;true&#8220; overlay=&#8220;rgba(2,2,2,0.32)&#8220; bg_effects=&#8220;parallaxZoomOut&#8220; font_color=&#8220;#ffffff&#8220;][\/vc_column][\/vc_row][vc_row column_padding=&#8220;5&#8243;][vc_column width=&#8220;1\/6&#8243;][\/vc_column][vc_column width=&#8220;2\/3&#8243; css=&#8220;.vc_custom_1494920402653{padding: 7% !important;}&#8220;][vc_column_text]Um Ihnen einen unvergesslichen Aufenthalt zu gew\u00e4hren, verf\u00fcgen unsere Zimmer \u00fcber jeden Komfort, Badezimmer mit Dusche, Balkon mit Panorama-Aussicht \u00fcber <strong>Colfosco &#8211; Corvara &#8211; Sassongher &#8211; Ciampac oder Mittagstal\/Sellagruppe<\/strong>, Sat-TV und Safe.<\/p>\n<p><strong>Unsere Zimmerkategorien:\u00a0<\/strong>[\/vc_column_text][\/vc_column][vc_column width=&#8220;1\/6&#8243;][\/vc_column][\/vc_row][vc_row fullwidth=&#8220;true&#8220; equal_columns=&#8220;true&#8220;][vc_column width=&#8220;1\/2&#8243; css=&#8220;.vc_custom_1494949817820{background-image: url(http:\/\/www.borest.it\/wp-content\/uploads\/2017\/05\/camere-1.jpg?id=213) !important;background-position: center !important;background-repeat: no-repeat !important;background-size: cover !important;}&#8220;][mk_divider style=&#8220;padding_space&#8220; margin_top=&#8220;120&#8243; margin_bottom=&#8220;120&#8243;][\/vc_column][vc_column width=&#8220;1\/2&#8243; css=&#8220;.vc_custom_1494941251594{padding: 7% !important;}&#8220;][vc_column_text]\n<h3><strong>Superior Zimmer:<\/strong><\/h3>\n<p>Doppelzimmer teils mit Mansarde, f\u00fcr 2 Personen von 20-28m\u00b2, f\u00fcr 3 oder 4 Personen zwischen 35-60 m\u00b2, im Tiroler Stil eingerichtet, teils mit Empore oder Einzel\/Doppelbettcouch, Badezimmer mit Dusche, Balkon, Safe und Sat-TV.[\/vc_column_text][mk_button dimension=&#8220;outline&#8220; size=&#8220;large&#8220; url=&#8220;..\/de\/sommerpreise&#8220; margin_top=&#8220;10&#8243; outline_skin=&#8220;custom&#8220; outline_active_text_color=&#8220;#2c5022&#8243; outline_hover_bg_color=&#8220;#2c5022&#8243; outline_hover_color=&#8220;#ffffff&#8220;]Sommer Preisliste[\/mk_button][mk_button dimension=&#8220;outline&#8220; size=&#8220;large&#8220; url=&#8220;..\/de\/winterpreise&#8220; margin_top=&#8220;10&#8243; outline_skin=&#8220;custom&#8220; outline_active_text_color=&#8220;#2c5022&#8243; outline_hover_bg_color=&#8220;#2c5022&#8243; outline_hover_color=&#8220;#ffffff&#8220;]Winter Preisliste[\/mk_button][\/vc_column][\/vc_row][vc_row fullwidth=&#8220;true&#8220; equal_columns=&#8220;true&#8220;][vc_column width=&#8220;1\/2&#8243; css=&#8220;.vc_custom_1494948524727{padding: 7% !important;}&#8220;][vc_column_text]\n<h3><strong>Comfort Zimmer<\/strong><strong>:<\/strong><\/h3>\n<p>Doppelzimmer im Tiroler Stil, f\u00fcr 2 Personen, ca. 20 m\u00b2 gro\u00df, Badezimmer mit Dusche, Balkon, Safe und Sat-TV.[\/vc_column_text][mk_button dimension=&#8220;outline&#8220; size=&#8220;large&#8220; url=&#8220;..\/de\/sommerpreise&#8220; margin_top=&#8220;10&#8243; outline_skin=&#8220;custom&#8220; outline_active_text_color=&#8220;#2c5022&#8243; outline_hover_bg_color=&#8220;#2c5022&#8243; outline_hover_color=&#8220;#ffffff&#8220;]Sommer Preisliste[\/mk_button][mk_button dimension=&#8220;outline&#8220; size=&#8220;large&#8220; url=&#8220;..\/de\/winterpreise&#8220; margin_top=&#8220;10&#8243; outline_skin=&#8220;custom&#8220; outline_active_text_color=&#8220;#2c5022&#8243; outline_hover_bg_color=&#8220;#2c5022&#8243; outline_hover_color=&#8220;#ffffff&#8220;]Winter Preisliste[\/mk_button][\/vc_column][vc_column width=&#8220;1\/2&#8243; css=&#8220;.vc_custom_1494948697050{padding-top: 0px !important;padding-right: 0px !important;padding-bottom: 0px !important;padding-left: 0px !important;background-image: url(http:\/\/www.borest.it\/wp-content\/uploads\/2017\/05\/comfort-1.jpg?id=234) !important;background-position: center !important;background-repeat: no-repeat !important;background-size: cover !important;}&#8220;][\/vc_column][\/vc_row][vc_row fullwidth=&#8220;true&#8220; equal_columns=&#8220;true&#8220;][vc_column width=&#8220;1\/2&#8243; css=&#8220;.vc_custom_1494949337509{background-image: url(http:\/\/www.borest.it\/wp-content\/uploads\/2017\/05\/single.jpg?id=237) !important;background-position: center !important;background-repeat: no-repeat !important;background-size: cover !important;}&#8220;][\/vc_column][vc_column width=&#8220;1\/2&#8243; css=&#8220;.vc_custom_1494941251594{padding: 7% !important;}&#8220;][vc_column_text]\n<h3><strong>Einzelzimmer<\/strong>:<\/h3>\n<p>Einzelzimmer, ca. 16 m\u00b2 gro\u00df, Badezimmer mit Dusche, Safe und Sat-TV. Ohne Balkon.[\/vc_column_text][mk_button dimension=&#8220;outline&#8220; size=&#8220;large&#8220; url=&#8220;..\/de\/sommerpreise&#8220; margin_top=&#8220;10&#8243; outline_skin=&#8220;custom&#8220; outline_active_text_color=&#8220;#2c5022&#8243; outline_hover_bg_color=&#8220;#2c5022&#8243; outline_hover_color=&#8220;#ffffff&#8220;]Sommer Preisliste[\/mk_button][mk_button dimension=&#8220;outline&#8220; size=&#8220;large&#8220; url=&#8220;..\/de\/winterpreise&#8220; margin_top=&#8220;10&#8243; outline_skin=&#8220;custom&#8220; outline_active_text_color=&#8220;#2c5022&#8243; outline_hover_bg_color=&#8220;#2c5022&#8243; outline_hover_color=&#8220;#ffffff&#8220;]Winter Preisliste[\/mk_button][\/vc_column][\/vc_row][vc_row fullwidth=&#8220;true&#8220; equal_columns=&#8220;true&#8220;][vc_column width=&#8220;1\/2&#8243; css=&#8220;.vc_custom_1494948524727{padding: 7% !important;}&#8220;][vc_column_text]\n<h3><strong>Zimmer &#8222;De Luxe&#8220;<\/strong>:<\/h3>\n<p><strong>f\u00fcr 4\/6 Personen ca. 70 m\u00b2 gro\u00df, in Zirmholz eingerichtet<\/strong>, mit Doppelbett, Wohnzimmer mit Doppelbett, Sofa, Bad mit Dusche, Safe, 2 Sat-TVs, Balkon mit Panoramablick auf die Sella-Gruppe.[\/vc_column_text][mk_button dimension=&#8220;outline&#8220; size=&#8220;large&#8220; url=&#8220;..\/de\/sommerpreise&#8220; margin_top=&#8220;10&#8243; outline_skin=&#8220;custom&#8220; outline_active_text_color=&#8220;#2c5022&#8243; outline_hover_bg_color=&#8220;#2c5022&#8243; outline_hover_color=&#8220;#ffffff&#8220;]Sommer Preisliste[\/mk_button][mk_button dimension=&#8220;outline&#8220; size=&#8220;large&#8220; url=&#8220;..\/de\/winterpreise&#8220; margin_top=&#8220;10&#8243; outline_skin=&#8220;custom&#8220; outline_active_text_color=&#8220;#2c5022&#8243; outline_hover_bg_color=&#8220;#2c5022&#8243; outline_hover_color=&#8220;#ffffff&#8220;]Winter Preisliste[\/mk_button][\/vc_column][vc_column width=&#8220;1\/2&#8243; css=&#8220;.vc_custom_1494949446623{padding-top: 0px !important;padding-right: 0px !important;padding-bottom: 0px !important;padding-left: 0px !important;background-image: url(http:\/\/www.borest.it\/wp-content\/uploads\/2017\/05\/deluxe.jpg?id=238) !important;background-position: center !important;background-repeat: no-repeat !important;background-size: cover !important;}&#8220;][\/vc_column][\/vc_row]\n<\/div>","protected":false},"excerpt":{"rendered":"<p>[vc_row fullwidth=&#8220;true&#8220; parallax=&#8220;content-moving&#8220; css=&#8220;.vc_custom_1495707573038{background-image: url(http:\/\/www.borest.it\/wp-content\/uploads\/2017\/05\/dsc0669.jpg?id=209) !important;background-position: center;background-repeat: no-repeat !important;background-size: contain !important;}&#8220;][vc_column][mk_page_title_box page_title=&#8220;Zimmer&#8220; section_height=&#8220;600&#8243; bg_position=&#8220;center center&#8220; bg_stretch=&#8220;true&#8220; overlay=&#8220;rgba(2,2,2,0.32)&#8220; bg_effects=&#8220;parallaxZoomOut&#8220; font_color=&#8220;#ffffff&#8220;][\/vc_column][\/vc_row][vc_row column_padding=&#8220;5&#8243;][vc_column width=&#8220;1\/6&#8243;][\/vc_column][vc_column width=&#8220;2\/3&#8243; css=&#8220;.vc_custom_1494920402653{padding: 7% !important;}&#8220;][vc_column_text]Um Ihnen einen unvergesslichen Aufenthalt zu gew\u00e4hren, verf\u00fcgen unsere Zimmer \u00fcber jeden Komfort, Badezimmer mit Dusche, Balkon mit Panorama-Aussicht \u00fcber Colfosco &#8211; Corvara &#8211; Sassongher &#8211; Ciampac oder Mittagstal\/Sellagruppe, Sat-TV und [&hellip;]<\/p>\n","protected":false},"author":1,"featured_media":0,"parent":0,"menu_order":0,"comment_status":"closed","ping_status":"closed","template":"","meta":{"footnotes":""},"class_list":["post-1474","page","type-page","status-publish","hentry"],"_links":{"self":[{"href":"https:\/\/borest.it\/de\/wp-json\/wp\/v2\/pages\/1474","targetHints":{"allow":["GET"]}}],"collection":[{"href":"https:\/\/borest.it\/de\/wp-json\/wp\/v2\/pages"}],"about":[{"href":"https:\/\/borest.it\/de\/wp-json\/wp\/v2\/types\/page"}],"author":[{"embeddable":true,"href":"https:\/\/borest.it\/de\/wp-json\/wp\/v2\/users\/1"}],"replies":[{"embeddable":true,"href":"https:\/\/borest.it\/de\/wp-json\/wp\/v2\/comments?post=1474"}],"version-history":[{"count":5,"href":"https:\/\/borest.it\/de\/wp-json\/wp\/v2\/pages\/1474\/revisions"}],"predecessor-version":[{"id":1723,"href":"https:\/\/borest.it\/de\/wp-json\/wp\/v2\/pages\/1474\/revisions\/1723"}],"wp:attachment":[{"href":"https:\/\/borest.it\/de\/wp-json\/wp\/v2\/media?parent=1474"}],"curies":[{"name":"wp","href":"https:\/\/api.w.org\/{rel}","templated":true}]}}

<div class="wpb-content-wrapper">[vc_row fullwidth=&#8220;true&#8220; parallax=&#8220;content-moving&#8220; css=&#8220;.vc_custom_1495707573038{background-image: url(http://www.borest.it/wp-content/uploads/2017/05/dsc0669.jpg?id=209) !important;background-position: center;background-repeat: no-repeat !important;background-size: contain !important;}&#8220;][vc_column][mk_page_title_box page_title=&#8220;Zimmer&#8220; section_height=&#8220;600&#8243; bg_position=&#8220;center center&#8220; bg_stretch=&#8220;true&#8220; overlay=&#8220;rgba(2,2,2,0.32)&#8220; bg_effects=&#8220;parallaxZoomOut&#8220; font_color=&#8220;#ffffff&#8220;][/vc_column][/vc_row][vc_row column_padding=&#8220;5&#8243;][vc_column width=&#8220;1/6&#8243;][/vc_column][vc_column width=&#8220;2/3&#8243; css=&#8220;.vc_custom_1494920402653{padding: 7% !important;}&#8220;][vc_column_text]Um Ihnen einen unvergesslichen Aufenthalt zu gewähren, verfügen unsere Zimmer über jeden Komfort, Badezimmer mit Dusche, Balkon mit Panorama-Aussicht über <strong>Colfosco &#8211; Corvara &#8211; Sassongher &#8211; Ciampac oder Mittagstal/Sellagruppe</strong>, Sat-TV und Safe.</p>
<p><strong>Unsere Zimmerkategorien: </strong>[/vc_column_text][/vc_column][vc_column width=&#8220;1/6&#8243;][/vc_column][/vc_row][vc_row fullwidth=&#8220;true&#8220; equal_columns=&#8220;true&#8220;][vc_column width=&#8220;1/2&#8243; css=&#8220;.vc_custom_1494949817820{background-image: url(http://www.borest.it/wp-content/uploads/2017/05/camere-1.jpg?id=213) !important;background-position: center !important;background-repeat: no-repeat !important;background-size: cover !important;}&#8220;][mk_divider style=&#8220;padding_space&#8220; margin_top=&#8220;120&#8243; margin_bottom=&#8220;120&#8243;][/vc_column][vc_column width=&#8220;1/2&#8243; css=&#8220;.vc_custom_1494941251594{padding: 7% !important;}&#8220;][vc_column_text]
<h3><strong>Superior Zimmer:</strong></h3>
<p>Doppelzimmer teils mit Mansarde, für 2 Personen von 20-28m², für 3 oder 4 Personen zwischen 35-60 m², im Tiroler Stil eingerichtet, teils mit Empore oder Einzel/Doppelbettcouch, Badezimmer mit Dusche, Balkon, Safe und Sat-TV.[/vc_column_text][mk_button dimension=&#8220;outline&#8220; size=&#8220;large&#8220; url=&#8220;../de/sommerpreise&#8220; margin_top=&#8220;10&#8243; outline_skin=&#8220;custom&#8220; outline_active_text_color=&#8220;#2c5022&#8243; outline_hover_bg_color=&#8220;#2c5022&#8243; outline_hover_color=&#8220;#ffffff&#8220;]Sommer Preisliste[/mk_button][mk_button dimension=&#8220;outline&#8220; size=&#8220;large&#8220; url=&#8220;../de/winterpreise&#8220; margin_top=&#8220;10&#8243; outline_skin=&#8220;custom&#8220; outline_active_text_color=&#8220;#2c5022&#8243; outline_hover_bg_color=&#8220;#2c5022&#8243; outline_hover_color=&#8220;#ffffff&#8220;]Winter Preisliste[/mk_button][/vc_column][/vc_row][vc_row fullwidth=&#8220;true&#8220; equal_columns=&#8220;true&#8220;][vc_column width=&#8220;1/2&#8243; css=&#8220;.vc_custom_1494948524727{padding: 7% !important;}&#8220;][vc_column_text]
<h3><strong>Comfort Zimmer</strong><strong>:</strong></h3>
<p>Doppelzimmer im Tiroler Stil, für 2 Personen, ca. 20 m² groß, Badezimmer mit Dusche, Balkon, Safe und Sat-TV.[/vc_column_text][mk_button dimension=&#8220;outline&#8220; size=&#8220;large&#8220; url=&#8220;../de/sommerpreise&#8220; margin_top=&#8220;10&#8243; outline_skin=&#8220;custom&#8220; outline_active_text_color=&#8220;#2c5022&#8243; outline_hover_bg_color=&#8220;#2c5022&#8243; outline_hover_color=&#8220;#ffffff&#8220;]Sommer Preisliste[/mk_button][mk_button dimension=&#8220;outline&#8220; size=&#8220;large&#8220; url=&#8220;../de/winterpreise&#8220; margin_top=&#8220;10&#8243; outline_skin=&#8220;custom&#8220; outline_active_text_color=&#8220;#2c5022&#8243; outline_hover_bg_color=&#8220;#2c5022&#8243; outline_hover_color=&#8220;#ffffff&#8220;]Winter Preisliste[/mk_button][/vc_column][vc_column width=&#8220;1/2&#8243; css=&#8220;.vc_custom_1494948697050{padding-top: 0px !important;padding-right: 0px !important;padding-bottom: 0px !important;padding-left: 0px !important;background-image: url(http://www.borest.it/wp-content/uploads/2017/05/comfort-1.jpg?id=234) !important;background-position: center !important;background-repeat: no-repeat !important;background-size: cover !important;}&#8220;][/vc_column][/vc_row][vc_row fullwidth=&#8220;true&#8220; equal_columns=&#8220;true&#8220;][vc_column width=&#8220;1/2&#8243; css=&#8220;.vc_custom_1494949337509{background-image: url(http://www.borest.it/wp-content/uploads/2017/05/single.jpg?id=237) !important;background-position: center !important;background-repeat: no-repeat !important;background-size: cover !important;}&#8220;][/vc_column][vc_column width=&#8220;1/2&#8243; css=&#8220;.vc_custom_1494941251594{padding: 7% !important;}&#8220;][vc_column_text]
<h3><strong>Einzelzimmer</strong>:</h3>
<p>Einzelzimmer, ca. 16 m² groß, Badezimmer mit Dusche, Safe und Sat-TV. Ohne Balkon.[/vc_column_text][mk_button dimension=&#8220;outline&#8220; size=&#8220;large&#8220; url=&#8220;../de/sommerpreise&#8220; margin_top=&#8220;10&#8243; outline_skin=&#8220;custom&#8220; outline_active_text_color=&#8220;#2c5022&#8243; outline_hover_bg_color=&#8220;#2c5022&#8243; outline_hover_color=&#8220;#ffffff&#8220;]Sommer Preisliste[/mk_button][mk_button dimension=&#8220;outline&#8220; size=&#8220;large&#8220; url=&#8220;../de/winterpreise&#8220; margin_top=&#8220;10&#8243; outline_skin=&#8220;custom&#8220; outline_active_text_color=&#8220;#2c5022&#8243; outline_hover_bg_color=&#8220;#2c5022&#8243; outline_hover_color=&#8220;#ffffff&#8220;]Winter Preisliste[/mk_button][/vc_column][/vc_row][vc_row fullwidth=&#8220;true&#8220; equal_columns=&#8220;true&#8220;][vc_column width=&#8220;1/2&#8243; css=&#8220;.vc_custom_1494948524727{padding: 7% !important;}&#8220;][vc_column_text]
<h3><strong>Zimmer &#8222;De Luxe&#8220;</strong>:</h3>
<p><strong>für 4/6 Personen ca. 70 m² groß, in Zirmholz eingerichtet</strong>, mit Doppelbett, Wohnzimmer mit Doppelbett, Sofa, Bad mit Dusche, Safe, 2 Sat-TVs, Balkon mit Panoramablick auf die Sella-Gruppe.[/vc_column_text][mk_button dimension=&#8220;outline&#8220; size=&#8220;large&#8220; url=&#8220;../de/sommerpreise&#8220; margin_top=&#8220;10&#8243; outline_skin=&#8220;custom&#8220; outline_active_text_color=&#8220;#2c5022&#8243; outline_hover_bg_color=&#8220;#2c5022&#8243; outline_hover_color=&#8220;#ffffff&#8220;]Sommer Preisliste[/mk_button][mk_button dimension=&#8220;outline&#8220; size=&#8220;large&#8220; url=&#8220;../de/winterpreise&#8220; margin_top=&#8220;10&#8243; outline_skin=&#8220;custom&#8220; outline_active_text_color=&#8220;#2c5022&#8243; outline_hover_bg_color=&#8220;#2c5022&#8243; outline_hover_color=&#8220;#ffffff&#8220;]Winter Preisliste[/mk_button][/vc_column][vc_column width=&#8220;1/2&#8243; css=&#8220;.vc_custom_1494949446623{padding-top: 0px !important;padding-right: 0px !important;padding-bottom: 0px !important;padding-left: 0px !important;background-image: url(http://www.borest.it/wp-content/uploads/2017/05/deluxe.jpg?id=238) !important;background-position: center !important;background-repeat: no-repeat !important;background-size: cover !important;}&#8220;][/vc_column][/vc_row]
</div>

<p>[vc_row fullwidth=&#8220;true&#8220; parallax=&#8220;content-moving&#8220; css=&#8220;.vc_custom_1495707573038{background-image: url(http://www.borest.it/wp-content/uploads/2017/05/dsc0669.jpg?id=209) !important;background-position: center;background-repeat: no-repeat !important;background-size: contain !important;}&#8220;][vc_column][mk_page_title_box page_title=&#8220;Zimmer&#8220; section_height=&#8220;600&#8243; bg_position=&#8220;center center&#8220; bg_stretch=&#8220;true&#8220; overlay=&#8220;rgba(2,2,2,0.32)&#8220; bg_effects=&#8220;parallaxZoomOut&#8220; font_color=&#8220;#ffffff&#8220;][/vc_column][/vc_row][vc_row column_padding=&#8220;5&#8243;][vc_column width=&#8220;1/6&#8243;][/vc_column][vc_column width=&#8220;2/3&#8243; css=&#8220;.vc_custom_1494920402653{padding: 7% !important;}&#8220;][vc_column_text]Um Ihnen einen unvergesslichen Aufenthalt zu gewähren, verfügen unsere Zimmer über jeden Komfort, Badezimmer mit Dusche, Balkon mit Panorama-Aussicht über Colfosco &#8211; Corvara &#8211; Sassongher &#8211; Ciampac oder Mittagstal/Sellagruppe, Sat-TV und [&hellip;]</p>
